{"id":5685,"date":"2024-04-22T14:36:45","date_gmt":"2024-04-22T17:36:45","guid":{"rendered":"https:\/\/ead.unipac.br\/?page_id=5685"},"modified":"2024-04-22T14:37:38","modified_gmt":"2024-04-22T17:37:38","slug":"administradores","status":"publish","type":"page","link":"https:\/\/ead.unipac.br\/?page_id=5685","title":{"rendered":"Administradores"},"content":{"rendered":"\t\t<div data-elementor-type=\"wp-page\" data-elementor-id=\"5685\" class=\"elementor elementor-5685\" data-elementor-post-type=\"page\">\n\t\t\t\t<div class=\"elementor-element elementor-element-66043de e-flex wpr-particle-no wpr-jarallax-no wpr-parallax-no wpr-sticky-section-no e-con-boxed e-con e-parent\" data-id=\"66043de\" data-element_type=\"container\">\n\t\t\t\t\t<div class=\"e-con-inner\">\n\t\t\t\t<div class=\"elementor-element elementor-element-d4f680e elementor-widget elementor-widget-spacer\" data-id=\"d4f680e\" data-element_type=\"widget\" data-widget_type=\"spacer.default\">\n\t\t\t\t<div class=\"elementor-widget-container\">\n\t\t\t<style>\/*! elementor - v3.22.0 - 26-06-2024 *\/\n.elementor-column .elementor-spacer-inner{height:var(--spacer-size)}.e-con{--container-widget-width:100%}.e-con-inner>.elementor-widget-spacer,.e-con>.elementor-widget-spacer{width:var(--container-widget-width,var(--spacer-size));--align-self:var(--container-widget-align-self,initial);--flex-shrink:0}.e-con-inner>.elementor-widget-spacer>.elementor-widget-container,.e-con>.elementor-widget-spacer>.elementor-widget-container{height:100%;width:100%}.e-con-inner>.elementor-widget-spacer>.elementor-widget-container>.elementor-spacer,.e-con>.elementor-widget-spacer>.elementor-widget-container>.elementor-spacer{height:100%}.e-con-inner>.elementor-widget-spacer>.elementor-widget-container>.elementor-spacer>.elementor-spacer-inner,.e-con>.elementor-widget-spacer>.elementor-widget-container>.elementor-spacer>.elementor-spacer-inner{height:var(--container-widget-height,var(--spacer-size))}.e-con-inner>.elementor-widget-spacer.elementor-widget-empty,.e-con>.elementor-widget-spacer.elementor-widget-empty{position:relative;min-height:22px;min-width:22px}.e-con-inner>.elementor-widget-spacer.elementor-widget-empty .elementor-widget-empty-icon,.e-con>.elementor-widget-spacer.elementor-widget-empty .elementor-widget-empty-icon{position:absolute;top:0;bottom:0;left:0;right:0;margin:auto;padding:0;width:22px;height:22px}<\/style>\t\t<div class=\"elementor-spacer\">\n\t\t\t<div class=\"elementor-spacer-inner\"><\/div>\n\t\t<\/div>\n\t\t\t\t<\/div>\n\t\t\t\t<\/div>\n\t\t\t\t\t<\/div>\n\t\t\t\t<\/div>\n\t\t<div class=\"elementor-element elementor-element-06f2d54 e-flex wpr-particle-no wpr-jarallax-no wpr-parallax-no wpr-sticky-section-no e-con-boxed e-con e-parent\" data-id=\"06f2d54\" data-element_type=\"container\">\n\t\t\t\t\t<div class=\"e-con-inner\">\n\t\t\t\t<div class=\"elementor-element elementor-element-573094b elementor-widget elementor-widget-heading\" data-id=\"573094b\" data-element_type=\"widget\" data-widget_type=\"heading.default\">\n\t\t\t\t<div class=\"elementor-widget-container\">\n\t\t\t<style>\/*! elementor - v3.22.0 - 26-06-2024 *\/\n.elementor-heading-title{padding:0;margin:0;line-height:1}.elementor-widget-heading .elementor-heading-title[class*=elementor-size-]>a{color:inherit;font-size:inherit;line-height:inherit}.elementor-widget-heading .elementor-heading-title.elementor-size-small{font-size:15px}.elementor-widget-heading .elementor-heading-title.elementor-size-medium{font-size:19px}.elementor-widget-heading .elementor-heading-title.elementor-size-large{font-size:29px}.elementor-widget-heading .elementor-heading-title.elementor-size-xl{font-size:39px}.elementor-widget-heading .elementor-heading-title.elementor-size-xxl{font-size:59px}<\/style><h2 class=\"elementor-heading-title elementor-size-default\">ADMINISTRA\u00c7\u00c3O<\/h2>\t\t<\/div>\n\t\t\t\t<\/div>\n\t\t\t\t\t<\/div>\n\t\t\t\t<\/div>\n\t\t<div class=\"elementor-element elementor-element-4b00bf1 e-flex wpr-particle-no wpr-jarallax-no wpr-parallax-no wpr-sticky-section-no e-con-boxed e-con e-parent\" data-id=\"4b00bf1\" data-element_type=\"container\">\n\t\t\t\t\t<div class=\"e-con-inner\">\n\t\t<div class=\"elementor-element elementor-element-1d2c1c0 e-con-full e-flex wpr-particle-no wpr-jarallax-no wpr-parallax-no wpr-sticky-section-no e-con e-child\" data-id=\"1d2c1c0\" data-element_type=\"container\">\n\t\t\t\t<div class=\"elementor-element elementor-element-1e19129 elementor-widget elementor-widget-text-editor\" data-id=\"1e19129\" data-element_type=\"widget\" data-widget_type=\"text-editor.default\">\n\t\t\t\t<div class=\"elementor-widget-container\">\n\t\t\t<style>\/*! elementor - v3.22.0 - 26-06-2024 *\/\n.elementor-widget-text-editor.elementor-drop-cap-view-stacked .elementor-drop-cap{background-color:#69727d;color:#fff}.elementor-widget-text-editor.elementor-drop-cap-view-framed .elementor-drop-cap{color:#69727d;border:3px solid;background-color:transparent}.elementor-widget-text-editor:not(.elementor-drop-cap-view-default) .elementor-drop-cap{margin-top:8px}.elementor-widget-text-editor:not(.elementor-drop-cap-view-default) .elementor-drop-cap-letter{width:1em;height:1em}.elementor-widget-text-editor .elementor-drop-cap{float:left;text-align:center;line-height:1;font-size:50px}.elementor-widget-text-editor .elementor-drop-cap-letter{display:inline-block}<\/style>\t\t\t\t<h4>F\u00e1bio Afonso Borges de Andrada<\/h4><p>Presidente da FUPAC e Reitor do UNIPAC<\/p><p>F\u00e1bio Afonso Borges de Andrada \u00e9 filho do fundador da Funda\u00e7\u00e3o Presidente Ant\u00f4nio Carlos, professor Bonif\u00e1cio Andrada e de D. Am\u00e1lia Borges de Andrada. De origem mineira, nasceu no Rio de Janeiro, mas estabeleceu-se em Minas Gerais.<\/p><p>Em 1998 formou-se em Medicina pela Faculdade de Ci\u00eancias M\u00e9dicas de Minas Gerais e fez sua Resid\u00eancia no BIOCOR. Possui tamb\u00e9m p\u00f3s-gradua\u00e7\u00e3o lato sensu em Gest\u00e3o de Neg\u00f3cios pela FGV.<\/p><p>F\u00e1bio Andrada atua na Funda\u00e7\u00e3o Presidente Ant\u00f4nio Carlos &#8211; FUPAC desde 1998, quando tiveram in\u00edcio os preparativos para a implanta\u00e7\u00e3o do Instituto Tocantinense Presidente Ant\u00f4nio Carlos \u2013 ITPAC, em Aragua\u00edna, institui\u00e7\u00e3o da qual foi o fundador. Posteriormente tamb\u00e9m foi o fundador do Instituto Tocantinense Presidente Ant\u00f4nio Carlos \u2013 ITPAC, em Porto Nacional. Reestruturou a Faculdade Presidente Ant\u00f4nio Carlos de Conselheiro Lafaiete e a Faculdade Presidente Ant\u00f4nio Carlos de Governador Valadares, como tamb\u00e9m o Campus Juiz de Fora, do Centro Universit\u00e1rio Presidente Ant\u00f4nio Carlos.<\/p><p>Em 2005 foi designado Vice-Reitor Administrativo da Universidade Presidente Ant\u00f4nio Carlos e teve reiterada sua designa\u00e7\u00e3o no Centro Universit\u00e1rio Presidente Ant\u00f4nio Carlos, em 2018. Ainda atuou como vice-presidente da FUPAC e diretor geral da FUNJOBE, mantenedora da Faculdade de Medicina de Barbacena.<\/p><p>Atualmente \u00e9 o presidente de ambas institui\u00e7\u00f5es e reitor do Centro Universit\u00e1rio Presidente Ant\u00f4nio Carlos dando sequ\u00eancia ao desenvolvimento educacional de Minas Gerais iniciado e conduzido pelo professor Bonif\u00e1cio Andrada desde 1963.<\/p>\t\t\t\t\t\t<\/div>\n\t\t\t\t<\/div>\n\t\t\t\t<\/div>\n\t\t<div class=\"elementor-element elementor-element-93fd332 e-con-full e-flex wpr-particle-no wpr-jarallax-no wpr-parallax-no wpr-sticky-section-no e-con e-child\" data-id=\"93fd332\" data-element_type=\"container\">\n\t\t\t\t<div class=\"elementor-element elementor-element-b558fe7 elementor-widget elementor-widget-image\" data-id=\"b558fe7\" data-element_type=\"widget\" data-widget_type=\"image.default\">\n\t\t\t\t<div class=\"elementor-widget-container\">\n\t\t\t<style>\/*! elementor - v3.22.0 - 26-06-2024 *\/\n.elementor-widget-image{text-align:center}.elementor-widget-image a{display:inline-block}.elementor-widget-image a img[src$=\".svg\"]{width:48px}.elementor-widget-image img{vertical-align:middle;display:inline-block}<\/style>\t\t\t\t\t\t\t\t\t\t<img fetchpriority=\"high\" decoding=\"async\" width=\"677\" height=\"1024\" src=\"https:\/\/ead.unipac.br\/wp-content\/uploads\/2024\/04\/Fabio-Andrada-677x1024.jpg\" class=\"attachment-large size-large wp-image-5687\" alt=\"\" srcset=\"https:\/\/ead.unipac.br\/wp-content\/uploads\/2024\/04\/Fabio-Andrada-677x1024.jpg 677w, https:\/\/ead.unipac.br\/wp-content\/uploads\/2024\/04\/Fabio-Andrada-198x300.jpg 198w, https:\/\/ead.unipac.br\/wp-content\/uploads\/2024\/04\/Fabio-Andrada-768x1162.jpg 768w, https:\/\/ead.unipac.br\/wp-content\/uploads\/2024\/04\/Fabio-Andrada-1015x1536.jpg 1015w, https:\/\/ead.unipac.br\/wp-content\/uploads\/2024\/04\/Fabio-Andrada.jpg 1036w\" sizes=\"(max-width: 677px) 100vw, 677px\" \/>\t\t\t\t\t\t\t\t\t\t\t\t\t<\/div>\n\t\t\t\t<\/div>\n\t\t\t\t<\/div>\n\t\t\t\t\t<\/div>\n\t\t\t\t<\/div>\n\t\t<div class=\"elementor-element elementor-element-e97419f e-flex wpr-particle-no wpr-jarallax-no wpr-parallax-no wpr-sticky-section-no e-con-boxed e-con e-parent\" data-id=\"e97419f\" data-element_type=\"container\">\n\t\t\t\t\t<div class=\"e-con-inner\">\n\t\t\t\t<div class=\"elementor-element elementor-element-09add68 elementor-widget elementor-widget-heading\" data-id=\"09add68\" data-element_type=\"widget\" data-widget_type=\"heading.default\">\n\t\t\t\t<div class=\"elementor-widget-container\">\n\t\t\t<h2 class=\"elementor-heading-title elementor-size-default\">PRESID\u00caNCIA<\/h2>\t\t<\/div>\n\t\t\t\t<\/div>\n\t\t\t\t\t<\/div>\n\t\t\t\t<\/div>\n\t\t<div class=\"elementor-element elementor-element-339e8d5 e-flex wpr-particle-no wpr-jarallax-no wpr-parallax-no wpr-sticky-section-no e-con-boxed e-con e-parent\" data-id=\"339e8d5\" data-element_type=\"container\">\n\t\t\t\t\t<div class=\"e-con-inner\">\n\t\t<div class=\"elementor-element elementor-element-e54d8e8 e-con-full e-flex wpr-particle-no wpr-jarallax-no wpr-parallax-no wpr-sticky-section-no e-con e-child\" data-id=\"e54d8e8\" data-element_type=\"container\">\n\t\t\t\t<div class=\"elementor-element elementor-element-c20dbe2 elementor-widget elementor-widget-text-editor\" data-id=\"c20dbe2\" data-element_type=\"widget\" data-widget_type=\"text-editor.default\">\n\t\t\t\t<div class=\"elementor-widget-container\">\n\t\t\t\t\t\t\t<p>A Presid\u00eancia \u00e9 o \u00f3rg\u00e3o que centraliza, superintende, coordena e fiscaliza a execu\u00e7\u00e3o de todas as atividades universit\u00e1rias e administrativas pela fiel observ\u00e2ncia da legisla\u00e7\u00e3o pertinente, sendo o principal centro administrativo- acad\u00eamico da FUPAC\/UNIPAC.<\/p><p>\u00c9 tamb\u00e9m respons\u00e1vel por firmar conv\u00eanios e parcerias com objetivo de projetar e ampliar ainda mais as atividades cient\u00edficas e tecnol\u00f3gicas da vida universit\u00e1ria.<\/p><p>No pr\u00e9dio da Presid\u00eancia est\u00e3o localizados o Gabinete do Presidente e a Secretaria da Presid\u00eancia.<\/p><address><p>Rodovia MG 338, Km 12, Col\u00f4nia Rodrigo Silva, Barbacena &#8211; MG &#8211; CEP 36201-143<\/p><p>Tels.: (32) 3339-4901 \/ (32) 3339-4965<\/p><p>Fax: (32) 3339-4935<\/p><p>E-mail: reitoria@unipac.br<\/p><\/address><h4>Mensagem da Presid\u00eancia<\/h4><p>Casa do saber com vis\u00e3o dos horizontes do futuro!<\/p><p>A educa\u00e7\u00e3o transforma pessoas, cidades, estados e pa\u00edses. Com seus mais de 50 anos de tradi\u00e7\u00e3o, a FUPAC\/UNIPAC, sendo a primeira institui\u00e7\u00e3o de ensino superior em Barbacena e regi\u00e3o, j\u00e1 possibilitou a forma\u00e7\u00e3o de milhares de jovens que se tornaram profissionais capacitados e j\u00e1 esteve presente em mais de 200 cidades de Minas Gerais, nas mais rec\u00f4nditas regi\u00f5es, contribuindo tamb\u00e9m para com a economia e o desenvolvimento.<\/p><p>Hoje, ainda presente em diversas cidades, oferecendo cursos livres e t\u00e9cnicos, gradua\u00e7\u00e3o, p\u00f3s-gradua\u00e7\u00e3o lato e stricto sensu, com toda a experi\u00eancia adquirida ao longo destes anos, tornamo-nos cada dia mais inovadores, acompanhando as evolu\u00e7\u00f5es tecnol\u00f3gicas disponibilizadas para a educa\u00e7\u00e3o, buscando sempre a excel\u00eancia na qualidade do ensino.<\/p><p>Com espa\u00e7o f\u00edsico amplo e arquitetura modelar, crescemos! Acompanhando as tend\u00eancias mundiais da evolu\u00e7\u00e3o adequamo-nos \u00e0s novas exig\u00eancias educacionais. A nossa administra\u00e7\u00e3o tem na agilidade o seu sinal de frente e, no rigor, a sua organiza\u00e7\u00e3o.<\/p><p>Nossas salas de aula e laborat\u00f3rios se atualizam frequentemente com os mais modernos modelos disponibilizados. Possu\u00edmos, inclusive, no Campus Barbacena e na Faculdade Presidente Ant\u00f4nio Carlos de Conselheiro Lafaiete, a Sala de Aprendizagem Ativa, nos moldes internacionais de Harvard. As bibliotecas contam com in\u00fameros t\u00edtulos, possuindo amplo acervo nas diversas \u00e1reas do conhecimento, o que permite que nossos professores e alunos promovam estudos para o desenvolvimento de pesquisas.<\/p><p>A cidade de Barbacena, sede de nossa Universidade, marcada por suas rotas aos destinos das minas, sente-se enriquecida e viva ao se transformar em grande tablado universit\u00e1rio.<\/p>\t\t\t\t\t\t<\/div>\n\t\t\t\t<\/div>\n\t\t\t\t<\/div>\n\t\t<div class=\"elementor-element elementor-element-e3101b8 e-con-full e-flex wpr-particle-no wpr-jarallax-no wpr-parallax-no wpr-sticky-section-no e-con e-child\" data-id=\"e3101b8\" data-element_type=\"container\">\n\t\t\t\t<div class=\"elementor-element elementor-element-f9a21db elementor-widget elementor-widget-image\" data-id=\"f9a21db\" data-element_type=\"widget\" data-widget_type=\"image.default\">\n\t\t\t\t<div class=\"elementor-widget-container\">\n\t\t\t\t\t\t\t\t\t\t\t\t\t<img decoding=\"async\" width=\"370\" height=\"208\" src=\"https:\/\/ead.unipac.br\/wp-content\/uploads\/2024\/04\/reitoria.jpg\" class=\"attachment-large size-large wp-image-5688\" alt=\"\" srcset=\"https:\/\/ead.unipac.br\/wp-content\/uploads\/2024\/04\/reitoria.jpg 370w, https:\/\/ead.unipac.br\/wp-content\/uploads\/2024\/04\/reitoria-300x169.jpg 300w\" sizes=\"(max-width: 370px) 100vw, 370px\" \/>\t\t\t\t\t\t\t\t\t\t\t\t\t<\/div>\n\t\t\t\t<\/div>\n\t\t\t\t<\/div>\n\t\t\t\t\t<\/div>\n\t\t\t\t<\/div>\n\t\t\t\t<\/div>\n\t\t","protected":false},"excerpt":{"rendered":"<p>ADMINISTRA\u00c7\u00c3O F\u00e1bio Afonso Borges de Andrada Presidente da FUPAC e Reitor do UNIPAC F\u00e1bio Afonso Borges de Andrada \u00e9 filho do fundador da Funda\u00e7\u00e3o Presidente Ant\u00f4nio Carlos, professor Bonif\u00e1cio Andrada e de D. Am\u00e1lia Borges de Andrada. De origem mineira, nasceu no Rio de Janeiro, mas estabeleceu-se em Minas Gerais. Em 1998 formou-se em Medicina [&hellip;]<\/p>\n","protected":false},"author":7,"featured_media":0,"parent":0,"menu_order":0,"comment_status":"closed","ping_status":"closed","template":"elementor_header_footer","meta":{"footnotes":""},"class_list":["post-5685","page","type-page","status-publish","hentry"],"acf":[],"_links":{"self":[{"href":"https:\/\/ead.unipac.br\/index.php?rest_route=\/wp\/v2\/pages\/5685","targetHints":{"allow":["GET"]}}],"collection":[{"href":"https:\/\/ead.unipac.br\/index.php?rest_route=\/wp\/v2\/pages"}],"about":[{"href":"https:\/\/ead.unipac.br\/index.php?rest_route=\/wp\/v2\/types\/page"}],"author":[{"embeddable":true,"href":"https:\/\/ead.unipac.br\/index.php?rest_route=\/wp\/v2\/users\/7"}],"replies":[{"embeddable":true,"href":"https:\/\/ead.unipac.br\/index.php?rest_route=%2Fwp%2Fv2%2Fcomments&post=5685"}],"version-history":[{"count":4,"href":"https:\/\/ead.unipac.br\/index.php?rest_route=\/wp\/v2\/pages\/5685\/revisions"}],"predecessor-version":[{"id":5691,"href":"https:\/\/ead.unipac.br\/index.php?rest_route=\/wp\/v2\/pages\/5685\/revisions\/5691"}],"wp:attachment":[{"href":"https:\/\/ead.unipac.br\/index.php?rest_route=%2Fwp%2Fv2%2Fmedia&parent=5685"}],"curies":[{"name":"wp","href":"https:\/\/api.w.org\/{rel}","templated":true}]}}